ate -1 + 0 - (-8 + -2 + 10).
-1
What is the value of (2 + 5 + 0 - -1) + 2?
10
Evaluate 2 - -1 - (-71 - -71).
3
(-6 - (-4 - 7)) + -7
-2
3 + (4 - (-1 + 0 + 3))
5
What is the value of -1 - 0 - (8 - 1 - 11)?
3
Evaluate -1 + (6 - 11) + 1.
-5
Calculate 1 - 0 - (-3 + 2).
2
Calculate 6 + 3 + -8 - (-2 - 4).
7
What is (4 - 14) + (-4 - 1 - -8)?
-7
(-7 + 1 - -3) + 9 - 2
4
What is 12 + -14 + -2 - (3 + -1)?
-6
104 + -113 - (1 - 2)
-8
(0 - 7) + (31 - 29)
-5
What is -5 - -8 - ((-1 - 1) + 10)?
-5
Calculate (-2 - 0) + (-7 - -14).
5
Evaluate 2 - (1 - (-6 + 3)) - 3.
-5
Evaluate 8 - 10 - -1 - 0.
-1
Calculate (2 + 0 - 5) + 4.
1
What is the value of -7 + -5 + 4 + 7?
-1
(1 + -1 - -2) + 3
5
(-7 - -10 - 7) + 7
3
(4 - 2) + 4 + -6
0
Calculate 1 + 2 + (-3 - 1) + 0.
-1
What is 16 - (4 - (-9 + 3))?
6
Calculate 6 - (2 - (2 + 2 + -3)).
5
-1 + -3 - (41 - 45)
0
Calculate 9 - (-3 + -6 + 18).
0
Calculate 0 + 9 + -10 + -5.
-6
What is the value of -3 + 8 + (6 - 13)?
-2
Evaluate -4 + -1 + (0 - -4) + -2.
-3
What is the value of 3 + -13 + -1 + 15?
4
What is (-2 - 5) + -6 + 16 + -6?
-3
-4 + -4 + -4 + 0 + 6
-6
Evaluate (-4 - -1) + (-4 - 1) + 4.
-4
What is (-22 - -13) + 1 - -3?
-5
What is the value of (0 - -2 - 3) + -2 + 4?
1
What is 3 + -2 + 3 - 7?
-3
5 - (1 + -1 + -2 + 5)
2
Calculate 7 - (3 + (1 - 0) - 3).
6
What is the value of -3 + 7 + (2 - (6 + 4))?
-4
What is the value of 3 - (-1 + 7 - (-10 - -11))?
-2
What is the value of -2 + -1 + -15 + 21 - -2?
5
Calculate 33 + -20 + (-19 - -7).
1
What is the value of 13 - 7 - (-2 + 7)?
1
Evaluate -9 + 0 + 3 + 3 + 4.
1
1 + -4 + 3 + -2 - -2
0
What is the value of (-3 - -3 - -3) + 7 + -8?
2
Calculate 0 + (0 - 1) + -3 - -8.
4
What is the value of 15 + -6 + (-7 - 1)?
1
Calculate (23 - 28) + (-8 - -3 - -3).
-7
0 - (-6 - -11) - (0 - 3)
-2
What is 1 + -1 + (3 - 4)?
-1
Calculate -2 + 0 - (-6 - -6).
-2
Evaluate -1 - (6 + (2 - 7)).
-2
What is 1 + (1 - -1) + -13 + 10?
0
Evaluate -5 + (4 - 3) - -1.
-3
Evaluate 2 - 4 - 2 - (14 - 17).
-1
What is 4 - (-2 - (-10 - -1))?
-3
Evaluate 30 - 30 - (2 + 1).
-3
What is -13 + 12 - (-1 - (-3 + 2))?
-1
What is (-6 + 12 - 0 - -5) + -4?
7
Evaluate 0 + 4 - (-4 + 9) - 7.
-8
Calculate 13 + -8 + -6 - (-2 + -3).
4
What is the value of -15 + -4 + 2 + 13?
-4
What is the value of 6 + -14 - (-6 + 1)?
-3
What is the value of 1 + 0 + (3 - -10) + -10?
4
Evaluate 15 + (0 - (20 - 7)).
2
What is the value of -2 + 3 + -1 + 5 + -5?
0
Calculate 1 - (4 - 3 - 4).
4
6 - 8 - -9 - 8
-1
Evaluate -5 - (-1 + -2 + -4).
2
-3 - 3 - (-7 + -5) - 11
-5
Evaluate (2 - -3) + 0 + -4.
1
What is the value of 8 + (-6 + 3 - 3)?
2
Calculate (2 - 0 - -1) + 2.
5
-6 - (-5 + (-3 - (0 + -6)))
-4
2 - (-13 + 19 + (-7 - 1))
4
Evaluate (4 - 4 - 4) + 9.
5
4 + (4 - 8 - 1)
-1
What is -1 - 4 - (-2 - 0)?
-3
Evaluate 12 - 1 - (62 + -57).
6
What is the value of -12 - -4 - (3 + -7)?
-4
(1 - -1 - -3) + (-2 - -1)
4
Evaluate -2 + 5 - (15 + 0 + -12).
0
-13 - -7 - (-3 + 4 + -2)
-5
Evaluate (4 - -4 - 11) + 11 + -10.
-2
Calculate -6 - 7 - -9 - -2.
-2
Evaluate 3 - (1 + -1 + (-24 - -26)).
1
What is the value of 1 + -4 + 2 + -2?
-3
What is 0 + -3 - (8 + -14)?
3
What is the value of (3 - (4 - -2)) + 0 + 5?
2
What is 1 - (7 - 3 - (6 + 1))?
4
What is the value of -5 - (0 - 3) - (2 + -2)?
-2
Calculate (3 - -11) + 40 + -49.
5
(0 - (1 - 3)) + 1
3
What is -13 - -10 - ((-2 - -5) + -4)?
-2
What is -1 + (-2 + -1 + -2 - -2)?
-4
What is the value of -1 - (-10 - (-4 + -2 + 5))?
8
Evaluate -3 + 3 + (-11 - -16).
5
What is the value of -3 + (-3 - (-5 - 8))?
7
3 - (5 + 0 + (-5 - 0))
3
What is 2 + (-3 - 0) + 11?
10
What is the value of -15 - (-3 - (3 - -3))?
-6
6 - (3 - 8 - (12 - 17))
6
(11 - 11) + -1 + 0 + -5
-6
(-4 - (-5 - -2)) + 0 + 3
2
-29 - -14 - (-7 - -1)
-9
Evaluate -3 + (27 - 14) + (1 - 8).
3
-4 - (3 - (2 + -1))
-6
What is the value of 5 - (8 - 12) - 3?
6
What is the value of -1 + -1 + 27 + -28?
-3
What is the value of 4 - 4 - 0 - (3 - 0)?
-3
-6 + 5 - (-2 + 5) - 0
-4
What is 2 + -10 + (2 - (8 - 6))?
-8
(-1 - -1) + (11 - 6)
5
(1 - -4 - 2) + (-6 - -2)
-1
3 - -9 - 10 - 9
-7
-38 + 32 + (12 - (3 + -2))
5
What is -2 + -3 + -4 + 8 + -1?
-2
What is 5 + 5 + (-18 + 4 - -6)?
2
Evaluate (2 - 0 - 5) + (8 - 2).
3
What is the value of -12 + 0 + 0 - -5?
-7
5 - (45 + -46 + 7 + -1)
0
-26 + 13 + 5 + 5
-3
What is the value of -3 + 3 + 1 - (-2 - -1)?
2
0 - ((-17 - -23) + (-2 - 4))
0
Evaluate -3 + 2 - (0 + 1).
-2
(4 - (8 - 12)) + -7
1
What is 1 - -1 - (4 - 5 - -4)?
-1
What is the value of -1 + -11 - (3 + -9)?
-6
What is the value of (4 + (-4 - 2) - -3) + 4?
5
What is 4 + -1 + (67 - 63)?
7
What is (5 - 7) + (3 - 4) + 6?
3
What is (4 - 10) + 2 - -1?
-3
3 + 8 - 5 - (-1 + 1)
6
6 + (-3 + 1 - (10 + -11))
5
Calculate 0 + 6 - (4 - (8 + -4)).
6
What is 6 + (-2 - -8 - (-9 + 17))?
4
What is -2 + (12 - 8) + 3 + -15?
-10
Calculate -2 + (7 - 2 - 4).
-1
Calculate (-1 - 16) + 18 - (1 - -7).
-7
Evaluate 1 - (-5 - (6 - (-5 + 8))).
9
Evaluate 1 - (-4 - -11) - (-3 - 1).
-2
Evaluate -4 + 3 - (1 - 3 - 0).
1
-1 - (-2 + 5 + -4)
0
(-8 - -4) + (4 - 0 - 3)
-3
What is the value of (-3 - -11 - 11) + 0 + -2?
-5
-1 + (9 - (7 - 1))
2
Evaluate -7 - (1 + -1) - (-3 - 1).
-3
8 - 5 - (-1 - -3)
1
What is 1 + 3 + -1 - (13 - 7)?
-3
What is 7 + 4 + (-7 - -3)?
7
What is the value of 4 - ((0 + -2 - -6) + -2)?
2
Evaluate -3 + (-1 - 1) + 1.
-4
3 + -2 + -2 - (-40 + 41)
-2
What is the value of 13 + -11 - -1 - (2 + -1)?
2
What is -4 - (3 + -3) - -5?
1
Evaluate 8 + -7 - (1 - -2).
-2
What is the value of -4 - (0 + (-4 - -3))?
-3
What is the value of 0 + (0 - -5 - 2)?
3
What is the value of -1 + (-1 - (2 - 3))?
-1
Evaluate 0 + (4 + -4 - -7) - 3.
4
What is -8 + (-4 + 25 - 9)?
4
What is the value of 3 + -2 + (1 - (1 + -1))?
2
Calculate (-2 - 3 - -6) + (0 - 0).
1
What is the value of 1 + (-15 + 11 - -10)?
7
1 - 1 - -2 - (-17 - -21)
-2
4 + -3 + -6 + 4
-1
What is -1 + (-6 - (-5 - -8))?
-10
4 + -1 + 4 + 2 - 5
4
Evaluate 5 - (0 + 7 - 4).
2
What is 18 - 7 - (6 - 1)?
6
(-6 + -3 + 7 - 0) + -3
-5
What is the value of 1 - 3 - (-4 - -4)?
-2
-4 + -1 + 1 + -43 + 44
-3
Calculate 4 + -2 + -16 + 19.
5
(12 - 25) + (11 - 1)
-3
What is the value of 18 + -5 + -7 - 0?
6
What is 9 + -10 + 8 - 15?
-8
What is the value of 4 + (-18 - -9) - (0 - 1)?
-4
Calculate -1 + (-3 - -4 - -4) + -4.
0
What is the value of -2 + 1 + (1 - -1) + -3?
-2
-6 - (-8 - (-2 - -2))
2
Calculate 4 - ((3 - 5) + -2 - -3).
5
-2 + (1 + 0 - (3 - 3))
-1
(2 - 1) + (1 - 6)
-4
Calculate (-9 - -19 - 7) + 4.
7
What is the value of 12 + -4 - -1 - 5?
4
Evaluate (0 - 7) + 47 + -45.
-5
What is -5 - (-14 + (2 - -5))?
2
Evaluate (30 - 28) + (-1 - 5).
-4
6 - (-3 - -12 - 5)
2
(8 - 4) + -1 + (3 - 4)
2
What is -10 + -1 - -11 - -8?
8
Evaluate -1 - (1 - (8 + -8)).
-2
What is the value of 4 - (5 + -2 + -4)?
5
What is the value of 5 + (-2 - (-2 - -1 - -3))?
1
2 + 1 - (54 - 46)
-5
What is 18 - (12 + (-10 - -8))?
8
Calculate 5 - (4 + (-3 - -6)).
-2
Evaluate (8 - (-8 - -11)) + (-1 - -2).
6
1 - (-12 + 2 - (-7 + 3))
7
What is the value of -17 + 16 + (-4 - -1) - -5?
1
Calculate -9 + 1 - (-31 + 22).
1
What is the value of 11 + (6 - 15) + -1 + -4?
-3
Evaluate (10 - 4) + 1 - 3.
4
What is (9 - (0 + 2 + -1)) + -3?
5
What is -1 + (3 + -6 - 1)?
-5
Calculate 0 - (-2 - (-1 + -2)).
-1
Calculate -3 + 1 + 0 + -5 + 10.
3
Calculate 9 + -6 + -5 + 1 + 0.
-1
(4 - 4 - 1) + 5
4
What is -7 - (8 - 16 - (-1 - 3))?
-3
Evaluate (2 - 3) + -2 + 2 + -3.
-4
(9 - (6 - -9)) + 7
1
What is the value of -2 - (-9 - -5 - 1) - 4?
-1
What is 0 + (2 + -4 - -5)?
3
Evaluate 3 - (-5 + 1 + (-2 - -6)).
3
Evaluate -4 + 7 + -2 + 2 - 4.
-1
What is the value of 3 + 4 + 5 + -7?
5
Evaluate 7 + -12 - (-9 + 3 - -3).
-2
-4 + 2 + 0 - 2 - -1
-3
(-4 - 1) + 2 - -8
5
What is the value of -6 + 6 + 7 - 9?
-2
What is -5 - (-6 + -1 - -5) - 4?
-7
What is the value of (8 - 5) + 2 + -3 - 2?
0
-2 - (-5 + 0 + 6)
-3
What is the value of 23 + -28 + 3 + 6?
4
What is the value of (3 - (0 - -5) - -2) + -1?
-1
What is -7 - 1 - (-8 - (-6 - -1))?
-5
Evaluate 1 + (-2 + 9 - 4) + -3.
1
Calculate 13 + -3 + (-16 - -1).
-5
-35 + 35 - (1 + 0)
-1
What is the value of 14 + -14 + 6 - 6?
0
(-10 - -11) + (5 - 3 - -1)
4
What is the value of -3 - (-5 - (6 - 11))?
-3
Evaluate 3 + (4 - 10) - (2 - -1).
-6
(-3 - (0 + -7)) + (-2 - 7)
-5
12 - 6 - (-1 - -5)
2
5 - 2 - (-26 - -24)
5
Evaluate 2 - (-5 + (-2 + 1 - -3)).
5
3 + -3 + (1 - -1) + 2
4
Wh